?
False
Is 962170939 a multiple of 10?
False
Does 530 divide 263859076?
False
Is 14 a factor of 926410602?
False
Is 636046180 a multiple of 77?
True
Is 1565 a factor of 97870405?
True
Is 553 a factor of 2661240?
False
Is 462 a factor of 26047560?
True
Is 132 a factor of 142354080?
True
Is 66277260 a multiple of 10?
True
Does 340 divide 1404758?
False
Is 22222157 a multiple of 56?
False
Is 311 a factor of 101596236?
True
Is 39749101 a multiple of 300?
False
Is 19 a factor of 716501026?
False
Is 318391329 a multiple of 17?
False
Does 6225 divide 301713312?
False
Is 3 a factor of 2527899?
True
Is 9195876 a multiple of 108?
True
Is 156164855 a multiple of 71?
True
Is 15 a factor of 34025670?
True
Does 2 divide 63391683?
False
Is 4496280792 a multiple of 14?
False
Is 1415203 a multiple of 2?
False
Is 331 a factor of 164590674?
False
Does 96 divide 71928503?
False
Is 305 a factor of 73698065?
True
Is 10 a factor of 42961736?
False
Does 157 divide 120096529?
False
Does 203 divide 5266632?
True
Is 1664742813 a multiple of 1736?
False
Is 1543687134 a multiple of 33?
True
Is 195167827 a multiple of 6?
False
Is 983831518 a multiple of 3850?
False
Is 6772 a factor of 1231261467?
False
Is 103072867 a multiple of 3?
False
Does 45 divide 6911667?
False
Is 64829088 a multiple of 60?
False
Is 273231320 a multiple of 20?
True
Is 51 a factor of 73815107?
False
Is 222991335 a multiple of 7?
True
Does 26 divide 44260756?
False
Is 677188792 a multiple of 11950?
False
Does 10 divide 154532784?
False
Is 1320564419 a multiple of 140?
False
Is 88696387 a multiple of 901?
False
Is 34 a factor of 2121622?
False
Does 3467 divide 351400977?
False
Is 1555621343 a multiple of 437?
False
Is 633 a factor of 93552336?
True
Is 2257 a factor of 790170?
False
Is 917397360 a multiple of 270?
True
Is 1384 a factor of 906133864?
True
Is 1593 a factor of 127342827?
True
Does 11232 divide 3604796525?
False
Does 15 divide 57252252?
False
Is 255409938 a multiple of 1071?
True
Is 4119846 a multiple of 142?
True
Is 18919575 a multiple of 9?
True
Does 426 divide 12848974?
False
Is 69 a factor of 64234308?
True
Is 16 a factor of 151936720?
True
Does 173 divide 15937625?
True
Is 545 a factor of 391708395?
True
Is 175964514 a multiple of 43?
True
Is 46787559 a multiple of 13?
True
Is 47530518 a multiple of 14?
True
Does 292 divide 85149828?
True
Is 13 a factor of 84307457?
True
Is 12618071 a multiple of 5?
False
Is 387 a factor of 226280448?
True
Is 14 a factor of 144920636?
True
Does 419 divide 36785686?
True
Is 5618793452 a multiple of 32?
False
Is 31 a factor of 1152824?
False
Is 30887777 a multiple of 98?
False
Is 11 a factor of 57036843?
False
Is 98 a factor of 12213310?
False
Does 130 divide 592351890?
True
Is 5884094 a multiple of 503?
True
Is 3176860428 a multiple of 9198?
True
Is 188 a factor of 6812547?
False
Does 2185 divide 2640295005?
True
Does 255 divide 49540635?
True
Is 98016560 a multiple of 10?
True
Is 2884 a factor of 25335474?
False
Does 79 divide 1401065079?
True
Is 6 a factor of 1774516752?
True
Does 47 divide 2486394?
True
Is 5 a factor of 20500374?
False
Is 48 a factor of 4224?
True
Does 933 divide 68562233?
False
Is 121 a factor of 4350288?
False
Is 727549977 a multiple of 1500?
False
Is 158012 a multiple of 255?
False
Is 2147846856 a multiple of 59?
True
Does 22 divide 3290023886?
False
Does 2321 divide 2960426216?
True
Is 18107575 a multiple of 25?
True
Is 18 a factor of 14356704?
False
Does 2592 divide 158106816?
True
Does 7 divide 48193551?
True
Does 196 divide 73048808?
True
Does 322 divide 35169472?
False
Is 82209042 a multiple of 37?
True
Does 15 divide 80542885?
False
Is 56691621 a multiple of 3521?
True
Is 262160048 a multiple of 16?
True
Is 156326719 a multiple of 246?
False
Is 259 a factor of 61910065?
True
Is 323075601 a multiple of 36?
False
Does 16 divide 60278848?
True
Is 17 a factor of 547892939?
False
Does 12 divide 650062?
False
Is 34 a factor of 51638958?
False
Does 98 divide 110701780?
True
Is 1258072624 a multiple of 13?
False
Does 12 divide 2473548?
True
Does 33 divide 90189?
True
Is 1286544 a multiple of 56?
True
Does 1396 divide 253869580?
True
Is 48 a factor of 7265579?
False
Is 598037178 a multiple of 88?
False
Is 1147 a factor of 70071377?
True
Is 7 a factor of 111967065?
True
Does 2082 divide 237747744?
True
Does 3105 divide 174510315?
True
Does 112 divide 21464806?
False
Is 39970224 a multiple of 7?
True
Is 8 a factor of 163579400?
True
Is 721805049 a multiple of 258?
False
Is 769 a factor of 62496630?
True
Is 251 a factor of 29066553?
True
Is 3376 a factor of 7180637216?
True
Is 9143 a factor of 2969179039?
False
Is 990412 a multiple of 527?
False
Does 22 divide 33293269?
False
Is 27 a factor of 731776073?
False
Is 430076088 a multiple of 26?
True
Is 1498025918 a multiple of 6347?
False
Is 72190596 a multiple of 1086?
False
Is 51327420 a multiple of 12?
True
Is 30 a factor of 4390242766?
False
Is 141561601 a multiple of 254?
False
Is 5 a factor of 11865540?
True
Is 25 a factor of 1555464925?
True
Is 3986 a factor of 805781858?
True
Does 519 divide 115975221?
True
Does 548 divide 364795535?
False
Is 15852688 a multiple of 16?
True
Does 657 divide 656110?
False
Is 601 a factor of 912997130?
True
Is 949237064 a multiple of 113?
True
Is 613621150 a multiple of 38?
True
Is 21 a factor of 216779160?
False
Is 915 a factor of 14459745?
True
Is 20 a factor of 31390435?
False
Is 174 a factor of 36411588?
True
Does 329 divide 127346359?
True
Does 410 divide 209227548?
False
Does 14 divide 15335138?
True
Does 332 divide 44511572?
True
Does 26 divide 12360270?
True
Is 5346663 a multiple of 18?
False
Is 15 a factor of 5525347?
False
Is 7437849 a multiple of 28?
False
Is 188 a factor of 206065108?
True
Is 81 a factor of 348775551?
True
Is 5621674400 a multiple of 652?
True
Is 3470778782 a multiple of 111?
False
Is 253426710 a multiple of 1848?
False
Is 149588933 a multiple of 2?
False
Is 435 a factor of 2949420102?
False
Is 27180023 a multiple of 1579?
False
Is 149298805 a multiple of 45?
False
Is 291874590 a multiple of 27?
True
Does 43 divide 134147899?
False
Is 41698317 a multiple of 26?
False
Is 766440211 a multiple of 14421?
False
Does 1082 divide 73918994?
True
Is 207 a factor of 2521260?
True
Does 2211 divide 369805227?
True
Is 144835211 a multiple of 28?
False
Is 4372434 a multiple of 8?
False
Does 28 divide 12965876?
True
Does 5 divide 43367890?
True
Is 1324782 a multiple of 3?
True
Is 126 a factor of 12919680?
False
Is 1161801227 a multiple of 1099?
False
Is 2 a factor of 9151909?
False
Does 490 divide 340304910?
False
Does 1205 divide 1684356230?
True
Does 51 divide 17738973?
True
Is 33307380 a multiple of 15?
True
Is 1472 a factor of 265541726?
False
Is 10 a factor of 138668960?
True
Is 1045413 a multiple of 93?
True
Does 238 divide 9616628?
True
Is 56 a factor of 3711017761?
False
Does 9 divide 18472437?
True
Is 57 a factor of 7394838?
True
Is 3233 a factor of 456046830?
False
Does 6907 divide 852075148?
True
Is 248 a factor of 4719936?
True
Does 112 divide 104717872?
True
Is 12 a factor of 60754229?
False
Is 446719890 a multiple of 94?
False
Is 138682814 a multiple of 455?
False
Is 53326568 a multiple of 286?
False
Is 7 a factor of 6204716?
True
Is 27891633 a multiple of 82?
False
Does 3176 divide 127478288?
True
Is 79 a factor of 31278707?
True
Does 69 divide 290568453?
True
Is 7 a factor of 53212707?
False
Is 2525 a factor of 506569134?
False
Is 1708 a factor of 81273472?
True
Is 949469796 a multiple of 17?
False
Is 772 a factor of 146135740?
True
Is 50 a factor of 4942255044?
False
Does 99 divide 270513179?
False
Is 1019901865 a multiple of 355?
True
Does 12 divide 8776718?
False
Is 992 a factor of 128999680?
True
Is 376080375 a multiple of 519?
True
Is 30 a factor of 449999640?
True
Is 27 a factor of 52917104?
False
Is 2831 a factor of 186180715?
True
Does 47 divide 263026776?
False
Is 210 a factor of 58703610?
True
Is 882760888 a multiple of 2091?
False
Is 380792600 a multiple of 230?
True
Is 2413367593 a multiple of 19?
True
Does 4 divide 28551874?
False
Is 646 a factor of 3999849182?
True
Is 14 a factor of 220703916?
False
Is 243 a factor of 384955011?
True
Is 695775384 a multiple of 829?
False
Does 8329 divide 871758292?
False
